{"id":70,"date":"2021-03-14T18:17:48","date_gmt":"2021-03-14T17:17:48","guid":{"rendered":"http:\/\/localhost\/ceraas\/?page_id=70"},"modified":"2021-03-26T15:47:46","modified_gmt":"2021-03-26T14:47:46","slug":"service-dappui","status":"publish","type":"page","link":"http:\/\/91.121.2.216:8085\/ceraas\/index.php\/service-dappui\/","title":{"rendered":"Service d&rsquo;appui"},"content":{"rendered":"\t\t<div data-elementor-type=\"wp-page\" data-elementor-id=\"70\" class=\"elementor elementor-70\" data-elementor-settings=\"[]\">\n\t\t\t\t\t\t\t<div class=\"elementor-section-wrap\">\n\t\t\t\t\t\t\t<section class=\"elementor-section elementor-top-section elementor-element elementor-element-1bb3575 elementor-section-boxed elementor-section-height-default elementor-section-height-default\" data-id=\"1bb3575\" data-element_type=\"section\">\n\t\t\t\t\t\t<div class=\"elementor-container elementor-column-gap-default\">\n\t\t\t\t\t<div class=\"elementor-column elementor-col-100 elementor-top-column elementor-element elementor-element-aa8badd\" data-id=\"aa8badd\" data-element_type=\"column\">\n\t\t\t<div class=\"elementor-widget-wrap elementor-element-populated\">\n\t\t\t\t\t\t\t\t<div class=\"elementor-element elementor-element-d0ff0ac elementor-widget elementor-widget-spacer\" data-id=\"d0ff0ac\" data-element_type=\"widget\" data-widget_type=\"spacer.default\">\n\t\t\t\t<div class=\"elementor-widget-container\">\n\t\t\t\t\t<div class=\"elementor-spacer\">\n\t\t\t<div class=\"elementor-spacer-inner\"><\/div>\n\t\t<\/div>\n\t\t\t\t<\/div>\n\t\t\t\t<\/div>\n\t\t\t\t\t<\/div>\n\t\t<\/div>\n\t\t\t\t\t\t\t<\/div>\n\t\t<\/section>\n\t\t\t\t<section class=\"elementor-section elementor-top-section elementor-element elementor-element-072cc73 elementor-section-boxed elementor-section-height-default elementor-section-height-default\" data-id=\"072cc73\" data-element_type=\"section\">\n\t\t\t\t\t\t<div class=\"elementor-container elementor-column-gap-default\">\n\t\t\t\t\t<div class=\"elementor-column elementor-col-100 elementor-top-column elementor-element elementor-element-eec59a2\" data-id=\"eec59a2\" data-element_type=\"column\">\n\t\t\t<div class=\"elementor-widget-wrap elementor-element-populated\">\n\t\t\t\t\t\t\t\t<div class=\"elementor-element elementor-element-4be2f30 elementor-grid-4 elementor-grid-tablet-2 elementor-grid-mobile-1 elementor-widget elementor-widget-elementor-blog-posts\" data-id=\"4be2f30\" data-element_type=\"widget\" data-settings=\"{&quot;columns&quot;:&quot;4&quot;,&quot;columns_tablet&quot;:&quot;2&quot;,&quot;columns_mobile&quot;:&quot;1&quot;}\" data-widget_type=\"elementor-blog-posts.default\">\n\t\t\t\t<div class=\"elementor-widget-container\">\n\t\t\t\t\t<div class=\"wpcap-grid\">\n\t\t\t\t\t\t<div class=\"wpcap-grid-container elementor-grid wpcap-grid-desktop-4 wpcap-grid-tablet-2 wpcap-grid-mobile-1 grid-meta-bottom\">\n\n\t\t\t\t\n        <article id=\"post-726\" class=\"wpcap-post post-726 post type-post status-publish format-standard has-post-thumbnail hentry category-service-dappuis\">\n         \n            <div class=\"post-grid-inner\">\n            \t\n            \t\t\t\t<div class=\"post-grid-thumbnail\">\n\t\t\t\t<a href=\"http:\/\/91.121.2.216:8085\/ceraas\/index.php\/2021\/03\/26\/cheikhou-drame\/\">\n\t\t\t\t\t<img loading=\"lazy\" decoding=\"async\" width=\"150\" height=\"150\" src=\"http:\/\/91.121.2.216:8085\/ceraas\/wp-content\/uploads\/2021\/03\/CHEIKHOU-DRAME-150x150.jpg\" class=\"attachment-thumbnail size-thumbnail wp-post-image\" alt=\"\" \/>\t\t\t\t<\/a>\n\t\t\t<\/div>\n        \n                <div class=\"post-grid-text-wrap\">\n               \t\t\t\t<h6 class=\"title\">\n\t\t\t<a href=\"http:\/\/91.121.2.216:8085\/ceraas\/index.php\/2021\/03\/26\/cheikhou-drame\/\">Cheikhou DRAME<\/a>\n\t\t<\/h6>\n\t\t\t                \t\t<div class=\"post-grid-excerpt\">\n\t\t\t<p>Responsable Informatique<\/p>\n\t\t<\/div>\n\t\t\t                \t\t<a class=\"read-more-btn\" href=\"http:\/\/91.121.2.216:8085\/ceraas\/index.php\/2021\/03\/26\/cheikhou-drame\/\"><\/a>\n\t\t                <\/div>\n\n                \n            <\/div><!-- .blog-inner -->\n           \n        <\/article>\n\n        \n        <article id=\"post-728\" class=\"wpcap-post post-728 post type-post status-publish format-standard hentry category-service-dappuis\">\n         \n            <div class=\"post-grid-inner\">\n            \t\n            \t\n                <div class=\"post-grid-text-wrap\">\n               \t\t\t\t<h6 class=\"title\">\n\t\t\t<a href=\"http:\/\/91.121.2.216:8085\/ceraas\/index.php\/2021\/03\/26\/abdou-lakhat-gadiaga\/\">Abdou Lakhat GADIAGA<\/a>\n\t\t<\/h6>\n\t\t\t                \t\t<div class=\"post-grid-excerpt\">\n\t\t\t\n<p>Assistant Du CSA <\/p>\n\t\t<\/div>\n\t\t\t                \t\t<a class=\"read-more-btn\" href=\"http:\/\/91.121.2.216:8085\/ceraas\/index.php\/2021\/03\/26\/abdou-lakhat-gadiaga\/\"><\/a>\n\t\t                <\/div>\n\n                \n            <\/div><!-- .blog-inner -->\n           \n        <\/article>\n\n        \n        <article id=\"post-757\" class=\"wpcap-post post-757 post type-post status-publish format-standard has-post-thumbnail hentry category-service-dappuis\">\n         \n            <div class=\"post-grid-inner\">\n            \t\n            \t\t\t\t<div class=\"post-grid-thumbnail\">\n\t\t\t\t<a href=\"http:\/\/91.121.2.216:8085\/ceraas\/index.php\/2021\/03\/26\/makha-dembele-2\/\">\n\t\t\t\t\t<img loading=\"lazy\" decoding=\"async\" width=\"150\" height=\"150\" src=\"http:\/\/91.121.2.216:8085\/ceraas\/wp-content\/uploads\/2021\/03\/DR-SAMBAKHE-150x150.jpg\" class=\"attachment-thumbnail size-thumbnail wp-post-image\" alt=\"\" \/>\t\t\t\t<\/a>\n\t\t\t<\/div>\n        \n                <div class=\"post-grid-text-wrap\">\n               \t\t\t\t<h6 class=\"title\">\n\t\t\t<a href=\"http:\/\/91.121.2.216:8085\/ceraas\/index.php\/2021\/03\/26\/makha-dembele-2\/\">Makha DEMBELE<\/a>\n\t\t<\/h6>\n\t\t\t                \t\t<div class=\"post-grid-excerpt\">\n\t\t\t\n<p>Chauffeur <\/p>\n\t\t<\/div>\n\t\t\t                \t\t<a class=\"read-more-btn\" href=\"http:\/\/91.121.2.216:8085\/ceraas\/index.php\/2021\/03\/26\/makha-dembele-2\/\"><\/a>\n\t\t                <\/div>\n\n                \n            <\/div><!-- .blog-inner -->\n           \n        <\/article>\n\n        \n\t\t\t<\/div>\t\t\t      \t\t\t\t\t\t               \n\t\t<\/div>\n\t\t\t\t<\/div>\n\t\t\t\t<\/div>\n\t\t\t\t\t<\/div>\n\t\t<\/div>\n\t\t\t\t\t\t\t<\/div>\n\t\t<\/section>\n\t\t\t\t\t\t<\/div>\n\t\t\t\t\t<\/div>\n\t\t","protected":false},"excerpt":{"rendered":"<p>Mawa SENE Chef du Service Administratif Latif Diack Chef Comptable Cheikhou DRAME Responsable Informatique Mme Kim Ndiaye FALL Responsable Information et Communication Abdou Lakhat GADIAGA Assistant Du CSA Moustapha FAYE Assistant Du Chef Comptable Mme Th\u00e9r\u00e8se Mane FAYE S\u00e9cr\u00e9taire Caissi\u00e8re Mlle Mariama SENGHOR Assistante de Direction Aly KA Chauffeur- Chef [&hellip;]<\/p>\n","protected":false},"author":1,"featured_media":0,"parent":0,"menu_order":0,"comment_status":"closed","ping_status":"closed","template":"page-templates\/template-pagebuilder-full-width.php","meta":{"footnotes":""},"class_list":["post-70","page","type-page","status-publish","hentry"],"_links":{"self":[{"href":"http:\/\/91.121.2.216:8085\/ceraas\/index.php\/wp-json\/wp\/v2\/pages\/70","targetHints":{"allow":["GET"]}}],"collection":[{"href":"http:\/\/91.121.2.216:8085\/ceraas\/index.php\/wp-json\/wp\/v2\/pages"}],"about":[{"href":"http:\/\/91.121.2.216:8085\/ceraas\/index.php\/wp-json\/wp\/v2\/types\/page"}],"author":[{"embeddable":true,"href":"http:\/\/91.121.2.216:8085\/ceraas\/index.php\/wp-json\/wp\/v2\/users\/1"}],"replies":[{"embeddable":true,"href":"http:\/\/91.121.2.216:8085\/ceraas\/index.php\/wp-json\/wp\/v2\/comments?post=70"}],"version-history":[{"count":19,"href":"http:\/\/91.121.2.216:8085\/ceraas\/index.php\/wp-json\/wp\/v2\/pages\/70\/revisions"}],"predecessor-version":[{"id":820,"href":"http:\/\/91.121.2.216:8085\/ceraas\/index.php\/wp-json\/wp\/v2\/pages\/70\/revisions\/820"}],"wp:attachment":[{"href":"http:\/\/91.121.2.216:8085\/ceraas\/index.php\/wp-json\/wp\/v2\/media?parent=70"}],"curies":[{"name":"wp","href":"https:\/\/api.w.org\/{rel}","templated":true}]}}